{"id":250,"date":"2021-03-17T11:35:24","date_gmt":"2021-03-17T10:35:24","guid":{"rendered":"http:\/\/sermar.fr\/?page_id=250"},"modified":"2021-03-17T11:38:11","modified_gmt":"2021-03-17T10:38:11","slug":"forum-sermar","status":"publish","type":"page","link":"https:\/\/sermar.fr\/index.php\/forum-sermar\/","title":{"rendered":"Forum Sermar"},"content":{"rendered":"\t\t<div data-elementor-type=\"wp-page\" data-elementor-id=\"250\" class=\"elementor elementor-250\">\n\t\t\t\t\t\t\t\t\t<section class=\"elementor-section elementor-top-section elementor-element elementor-element-24b20db elementor-section-boxed elementor-section-height-default elementor-section-height-default\" data-id=\"24b20db\" data-element_type=\"section\">\n\t\t\t\t\t\t<div class=\"elementor-container elementor-column-gap-default\">\n\t\t\t\t\t<div class=\"elementor-column elementor-col-100 elementor-top-column elementor-element elementor-element-dbd0ace\" data-id=\"dbd0ace\" data-element_type=\"column\">\n\t\t\t<div class=\"elementor-widget-wrap elementor-element-populated\">\n\t\t\t\t\t\t\t\t<div class=\"elementor-element elementor-element-63d5453 elementor-widget elementor-widget-shortcode\" data-id=\"63d5453\" data-element_type=\"widget\" data-widget_type=\"shortcode.default\">\n\t\t\t\t<div class=\"elementor-widget-container\">\n\t\t\t\t\t<div class=\"elementor-shortcode\"><div id=\"af-wrapper\"><div id=\"forum-header\"><div id=\"forum-navigation-mobile\"><a><span class=\"fas fa-bars\"><\/span>Menu<\/a><\/div><span class=\"screen-reader-text\">Navigation du forum<\/span><div id=\"forum-navigation\"><a class=&quot;home-link&quot; href=\"https:\/\/sermar.fr\/index.php\/forum-sermar\" target=\"_self\">Forum<\/a><a class=&quot;activity-link&quot; href=\"https:\/\/sermar.fr\/index.php\/forum-sermar\/activity\/\" target=\"_self\">Activit\u00e9<\/a><a class=&quot;login-link&quot; href=\"https:\/\/sermar.fr\/wp-login.php?redirect_to=https%3A%2F%2Fsermar.fr%2Findex.php%2Fwp-json%2Fwp%2Fv2%2Fpages%2F250\" target=\"_self\">Se connecter<\/a><a class=&quot;register-link&quot; href=\"https:\/\/sermar.fr\/wp-login.php?action=register\" target=\"_self\">S\u2019enregistrer<\/a><\/div><div id=\"forum-search\"><span class=\"search-icon fas fa-search\"><\/span><form method=\"get\" action=\"https:\/\/sermar.fr\/index.php\/forum-sermar\/search\/\"><input name=\"keywords\" type=\"search\" placeholder=\"Recherche\u2026\" value=\"\"><\/form><\/div><div class=\"clear\"><\/div><\/div><div id=\"forum-breadcrumbs\" itemscope itemtype=\"http:\/\/schema.org\/BreadcrumbList\"><span class=\"screen-reader-text\">Fil d\u2019Ariane du forum\u202f\u2013 Vous \u00eates ici\u202f:<\/span><span class=\"breadcrumb-icon fas fa-home\"><\/span><span itemprop=\"itemListElement\" itemscope itemtype=\"https:\/\/schema.org\/ListItem\"><a itemprop=\"item\" href=\"https:\/\/sermar.fr\/index.php\/forum-sermar\" title=\"Forum\"><span itemprop=\"name\">Forum<\/span><\/a><meta itemprop=\"position\" content=\"1\"><\/span><span class=\"breadcrumb-icon fas fa-chevron-right separator\"><\/span><\/div><h1 class=\"main-title main-title-\">Forum<\/h1><div class=\"title-element\" id=\"forum-category-6\">Exemple de cat\u00e9gorie<span class=\"last-post-headline\">Dernier message\u202f:<\/span><\/div><div class=\"content-container\"><div class=\"content-element forum\" id=\"forum-2\"><div class=\"forum-status unread\"><i class=\"fas fa-comments\"><\/i><\/div><div class=\"forum-name\"><a class=\"forum-title\" href=\"https:\/\/sermar.fr\/index.php\/forum-sermar\/forum\/lactualite-de-le-residence\/\">L&#039;actualit\u00e9 de le R\u00e9sidence<\/a><small class=\"forum-description\">Vous trouverez ici tous les sujets li\u00e9 \u00e0 l&#039;actualit\u00e9 de la r\u00e9sidence<\/small><small class=\"forum-stats\">13 sujets&nbsp;&middot;&nbsp;23 messages<\/small><small class=\"forum-lastpost-small\">Dernier article\u00a0:&nbsp;<a href=\"https:\/\/sermar.fr\/index.php\/forum-sermar\/topic\/ag-2025\/#postid-72\">AG 2025<\/a>&nbsp;&middot;&nbsp;<a href=\"https:\/\/sermar.fr\/index.php\/forum-sermar\/topic\/ag-2025\/#postid-72\">il y a 7 mois <\/a>&nbsp;&middot;&nbsp;<a class=\"profile-link highlight-default\" href=\"#\">Arnaud Roblet<\/a><\/small><\/div><div class=\"forum-poster\"><div class=\"forum-poster-avatar\"><img alt='' src='https:\/\/sermar.fr\/wp-content\/uploads\/2021\/03\/cropped-Logo-SERMAR-Signature-mail-150x150.png' srcset='https:\/\/sermar.fr\/wp-content\/uploads\/2021\/03\/cropped-Logo-SERMAR-Signature-mail-150x150.png 2x' class='avatar avatar-40 photo' height='40' width='40' \/><\/div><div class=\"forum-poster-summary\"><a href=\"https:\/\/sermar.fr\/index.php\/forum-sermar\/topic\/ag-2025\/#postid-72\">AG 2025<\/a><br><small><a href=\"https:\/\/sermar.fr\/index.php\/forum-sermar\/topic\/ag-2025\/#postid-72\">il y a 7 mois <\/a><span>&nbsp;&middot;&nbsp;<\/span><a class=\"profile-link highlight-default\" href=\"#\">Arnaud Roblet<\/a><\/small><\/div><\/div><\/div><div class=\"content-element forum\" id=\"forum-3\"><div class=\"forum-status unread\"><i class=\"fas fa-comments\"><\/i><\/div><div class=\"forum-name\"><a class=\"forum-title\" href=\"https:\/\/sermar.fr\/index.php\/forum-sermar\/forum\/lactivite-de-la-residence\/\">L&#039;activit\u00e9 de la R\u00e9sidence<\/a><small class=\"forum-description\">Vous trouverez ici tous les sujets li\u00e9 \u00e0 l&#039;activit\u00e9 de la r\u00e9sidence<\/small><small class=\"forum-stats\">6 sujets&nbsp;&middot;&nbsp;13 messages<\/small><small class=\"forum-lastpost-small\">Dernier article\u00a0:&nbsp;<a href=\"https:\/\/sermar.fr\/index.php\/forum-sermar\/topic\/assemblee-generale-du-collectif-aspin-2\/#postid-48\">Assembl\u00e9e G\u00e9n\u00e9rale du Collectif As &#8230;<\/a>&nbsp;&middot;&nbsp;<a href=\"https:\/\/sermar.fr\/index.php\/forum-sermar\/topic\/assemblee-generale-du-collectif-aspin-2\/#postid-48\">il y a 3 ans <\/a>&nbsp;&middot;&nbsp;<a class=\"profile-link highlight-admin\" href=\"#\">Claude Duplaa<\/a><\/small><\/div><div class=\"forum-poster\"><div class=\"forum-poster-avatar\"><img data-del=\"avatar\" src='https:\/\/sermar.fr\/wp-content\/uploads\/2021\/04\/fl20170323_0225_HD-Visage-Rond-150x150.png' class='avatar pp-user-avatar avatar-40 photo ' height='40' width='40'\/><\/div><div class=\"forum-poster-summary\"><a href=\"https:\/\/sermar.fr\/index.php\/forum-sermar\/topic\/assemblee-generale-du-collectif-aspin-2\/#postid-48\">Assembl\u00e9e G\u00e9n\u00e9rale du Col &#8230;<\/a><br><small><a href=\"https:\/\/sermar.fr\/index.php\/forum-sermar\/topic\/assemblee-generale-du-collectif-aspin-2\/#postid-48\">il y a 3 ans <\/a><span>&nbsp;&middot;&nbsp;<\/span><a class=\"profile-link highlight-admin\" href=\"#\">Claude Duplaa<\/a><\/small><\/div><\/div><\/div><div class=\"content-element forum\" id=\"forum-4\"><div class=\"forum-status unread\"><i class=\"fas fa-comments\"><\/i><\/div><div class=\"forum-name\"><a class=\"forum-title\" href=\"https:\/\/sermar.fr\/index.php\/forum-sermar\/forum\/les-projets-en-cours\/\">Les projets en cours<\/a><small class=\"forum-description\">Vous trouverez ici tous les sujets li\u00e9 au projets en cours de la r\u00e9sidence<\/small><small class=\"forum-stats\">3 sujets&nbsp;&middot;&nbsp;8 messages<\/small><small class=\"forum-lastpost-small\">Dernier article\u00a0:&nbsp;<a href=\"https:\/\/sermar.fr\/index.php\/forum-sermar\/topic\/hotel-restaurant\/#postid-26\">H\u00f4tel\/restaurant<\/a>&nbsp;&middot;&nbsp;<a href=\"https:\/\/sermar.fr\/index.php\/forum-sermar\/topic\/hotel-restaurant\/#postid-26\">il y a 4 ans <\/a>&nbsp;&middot;&nbsp;<a class=\"profile-link highlight-default\" href=\"#\">Arnaud Roblet<\/a><\/small><\/div><div class=\"forum-poster\"><div class=\"forum-poster-avatar\"><img alt='' src='https:\/\/sermar.fr\/wp-content\/uploads\/2021\/03\/cropped-Logo-SERMAR-Signature-mail-150x150.png' srcset='https:\/\/sermar.fr\/wp-content\/uploads\/2021\/03\/cropped-Logo-SERMAR-Signature-mail-150x150.png 2x' class='avatar avatar-40 photo' height='40' width='40' \/><\/div><div class=\"forum-poster-summary\"><a href=\"https:\/\/sermar.fr\/index.php\/forum-sermar\/topic\/hotel-restaurant\/#postid-26\">H\u00f4tel\/restaurant<\/a><br><small><a href=\"https:\/\/sermar.fr\/index.php\/forum-sermar\/topic\/hotel-restaurant\/#postid-26\">il y a 4 ans <\/a><span>&nbsp;&middot;&nbsp;<\/span><a class=\"profile-link highlight-default\" href=\"#\">Arnaud Roblet<\/a><\/small><\/div><\/div><\/div><div class=\"content-element forum\" id=\"forum-5\"><div class=\"forum-status unread\"><i class=\"fas fa-comments\"><\/i><\/div><div class=\"forum-name\"><a class=\"forum-title\" href=\"https:\/\/sermar.fr\/index.php\/forum-sermar\/forum\/les-actions-contre-philippe-souweinbe-et-arnaud-quintin\/\">Les actions contre Philippe Souweine et Arnaud Quintin<\/a><small class=\"forum-description\">Vous trouverez ici tous les sujets li\u00e9 aux actions contre Philippe Souweinbe et Arnaud Quintin<\/small><small class=\"forum-stats\">3 sujets&nbsp;&middot;&nbsp;3 messages<\/small><small class=\"forum-lastpost-small\">Dernier article\u00a0:&nbsp;<a href=\"https:\/\/sermar.fr\/index.php\/forum-sermar\/topic\/appel-contre-alcv\/#postid-33\">Appel contre ALCV<\/a>&nbsp;&middot;&nbsp;<a href=\"https:\/\/sermar.fr\/index.php\/forum-sermar\/topic\/appel-contre-alcv\/#postid-33\">il y a 3 ans <\/a>&nbsp;&middot;&nbsp;<a class=\"profile-link highlight-admin\" href=\"#\">Claude Duplaa<\/a><\/small><\/div><div class=\"forum-poster\"><div class=\"forum-poster-avatar\"><img data-del=\"avatar\" src='https:\/\/sermar.fr\/wp-content\/uploads\/2021\/04\/fl20170323_0225_HD-Visage-Rond-150x150.png' class='avatar pp-user-avatar avatar-40 photo ' height='40' width='40'\/><\/div><div class=\"forum-poster-summary\"><a href=\"https:\/\/sermar.fr\/index.php\/forum-sermar\/topic\/appel-contre-alcv\/#postid-33\">Appel contre ALCV<\/a><br><small><a href=\"https:\/\/sermar.fr\/index.php\/forum-sermar\/topic\/appel-contre-alcv\/#postid-33\">il y a 3 ans <\/a><span>&nbsp;&middot;&nbsp;<\/span><a class=\"profile-link highlight-admin\" href=\"#\">Claude Duplaa<\/a><\/small><\/div><\/div><\/div><div class=\"content-element forum\" id=\"forum-6\"><div class=\"forum-status unread\"><i class=\"fas fa-comments\"><\/i><\/div><div class=\"forum-name\"><a class=\"forum-title\" href=\"https:\/\/sermar.fr\/index.php\/forum-sermar\/forum\/autres\/\">Autres<\/a><small class=\"forum-stats\">12 sujets&nbsp;&middot;&nbsp;25 messages<\/small><small class=\"forum-lastpost-small\">Dernier article\u00a0:&nbsp;<a href=\"https:\/\/sermar.fr\/index.php\/forum-sermar\/topic\/recherche-de-biens-a-vendre-par-citya\/#postid-69\">Recherche de biens \u00e0 vendre par Ci &#8230;<\/a>&nbsp;&middot;&nbsp;<a href=\"https:\/\/sermar.fr\/index.php\/forum-sermar\/topic\/recherche-de-biens-a-vendre-par-citya\/#postid-69\">il y a 1 an <\/a>&nbsp;&middot;&nbsp;<a class=\"profile-link highlight-default\" href=\"#\">Arnaud Roblet<\/a><\/small><\/div><div class=\"forum-poster\"><div class=\"forum-poster-avatar\"><img alt='' src='https:\/\/sermar.fr\/wp-content\/uploads\/2021\/03\/cropped-Logo-SERMAR-Signature-mail-150x150.png' srcset='https:\/\/sermar.fr\/wp-content\/uploads\/2021\/03\/cropped-Logo-SERMAR-Signature-mail-150x150.png 2x' class='avatar avatar-40 photo' height='40' width='40' \/><\/div><div class=\"forum-poster-summary\"><a href=\"https:\/\/sermar.fr\/index.php\/forum-sermar\/topic\/recherche-de-biens-a-vendre-par-citya\/#postid-69\">Recherche de biens \u00e0 vend &#8230;<\/a><br><small><a href=\"https:\/\/sermar.fr\/index.php\/forum-sermar\/topic\/recherche-de-biens-a-vendre-par-citya\/#postid-69\">il y a 1 an <\/a><span>&nbsp;&middot;&nbsp;<\/span><a class=\"profile-link highlight-default\" href=\"#\">Arnaud Roblet<\/a><\/small><\/div><\/div><\/div><\/div><div id=\"read-unread\"><span class=\"indicator unread\"><\/span><span class=\"indicator-label\">Nouveaux messages<\/span><span class=\"indicator read\"><\/span><span class=\"indicator-label\">Rien de nouveau<\/span><span class=\"indicator-label\"><span class=\"fas fa-check\"><\/span><a href=\"https:\/\/sermar.fr\/index.php\/forum-sermar\/markallread\/\">Tout marquer comme lu<\/a><\/span><span class=\"indicator-label\"><span class=\"fas fa-history\"><\/span><a href=\"https:\/\/sermar.fr\/index.php\/forum-sermar\/unread\/\">Afficher les sujets non lus<\/a><\/span><div class=\"clear\"><\/div><\/div><div id=\"statistics\"><div class=\"title-element title-element-dark\"><span class=\"title-element-icon fas fa-chart-pie\"><\/span>Statistiques<\/div><div id=\"statistics-body\"><div id=\"statistics-elements\"><div class=\"statistics-element\"><div class=\"element-number\"><span class=\"statistics-element-icon far fa-comments\"><\/span>37<\/div><div class=\"element-name\">Sujets<\/div><\/div><div class=\"statistics-element\"><div class=\"element-number\"><span class=\"statistics-element-icon far fa-comment\"><\/span>72<\/div><div class=\"element-name\">Messages<\/div><\/div><div class=\"statistics-element\"><div class=\"element-number\"><span class=\"statistics-element-icon far fa-eye\"><\/span>1\u00a0392<\/div><div class=\"element-name\">Vues<\/div><\/div><div class=\"statistics-element\"><div class=\"element-number\"><span class=\"statistics-element-icon far fa-user\"><\/span>78<\/div><div class=\"element-name\">Utilisateurs<\/div><\/div><div class=\"statistics-element\"><div class=\"element-number\"><span class=\"statistics-element-icon far fa-lightbulb\"><\/span>0<\/div><div class=\"element-name\">En ligne<\/div><\/div><\/div><div id=\"statistics-online-users\"><span class=\"online-users-icon fas fa-user\"><\/span>Membre le plus r\u00e9cent\u00a0:&nbsp;<i><a class=\"profile-link highlight-default\" href=\"#\">Simon Humberto Llaury<\/a><\/i>&nbsp;&middot;&nbsp;<span class=\"online-users-icon fas fa-users\"><\/span><i>Personne n\u2019est actuellement en ligne.<\/i><\/div><\/div><div class=\"clear\"><\/div><\/div><div id=\"bottom-navigation\"><\/div><div class=\"clear\"><\/div><\/div><\/div>\n\t\t\t\t<\/div>\n\t\t\t\t<\/div>\n\t\t\t\t\t<\/div>\n\t\t<\/div>\n\t\t\t\t\t\t\t<\/div>\n\t\t<\/section>\n\t\t\t\t\t\t\t<\/div>\n\t\t","protected":false},"excerpt":{"rendered":"","protected":false},"author":1,"featured_media":0,"parent":0,"menu_order":0,"comment_status":"closed","ping_status":"closed","template":"page-templates\/template-pagebuilder-full-width.php","meta":{"neve_meta_sidebar":"full-width","neve_meta_container":"","neve_meta_enable_content_width":"on","neve_meta_content_width":100,"neve_meta_title_alignment":"","neve_meta_author_avatar":"","neve_post_elements_order":"","neve_meta_disable_header":"","neve_meta_disable_footer":"","neve_meta_disable_title":"","_ti_tpc_template_sync":false,"_ti_tpc_template_id":"","footnotes":""},"class_list":["post-250","page","type-page","status-publish","hentry"],"_links":{"self":[{"href":"https:\/\/sermar.fr\/index.php\/wp-json\/wp\/v2\/pages\/250","targetHints":{"allow":["GET"]}}],"collection":[{"href":"https:\/\/sermar.fr\/index.php\/wp-json\/wp\/v2\/pages"}],"about":[{"href":"https:\/\/sermar.fr\/index.php\/wp-json\/wp\/v2\/types\/page"}],"author":[{"embeddable":true,"href":"https:\/\/sermar.fr\/index.php\/wp-json\/wp\/v2\/users\/1"}],"replies":[{"embeddable":true,"href":"https:\/\/sermar.fr\/index.php\/wp-json\/wp\/v2\/comments?post=250"}],"version-history":[{"count":5,"href":"https:\/\/sermar.fr\/index.php\/wp-json\/wp\/v2\/pages\/250\/revisions"}],"predecessor-version":[{"id":257,"href":"https:\/\/sermar.fr\/index.php\/wp-json\/wp\/v2\/pages\/250\/revisions\/257"}],"wp:attachment":[{"href":"https:\/\/sermar.fr\/index.php\/wp-json\/wp\/v2\/media?parent=250"}],"curies":[{"name":"wp","href":"https:\/\/api.w.org\/{rel}","templated":true}]}}